) = -19*z + 5. Let g be a(i). Let h = -17 - g. What is the tens digit of h?
1
Suppose 4*q = s - 3, -4*s + 6*q - 2*q = -12. Let f be 0 + s + (-531)/(-3). Suppose -4*n = 2*n - f. What is the units digit of n?
0
Let y(c) = -c**2 - 7*c + 8. Let h be y(-8). Suppose h - 10 = 5*l. What is the units digit of 26 + (-2 - l)/3?
6
Let v be (-10)/(-25)*15/6. What is the units digit of (-1)/(v/142*-2)?
1
Suppose 0 = -2*s - 2*x + 3074, -4*s - 3*x + 1341 + 4805 = 0. Suppose -y = 4*y - s. Suppose -107 = 4*k - y. What is the units digit of k?
0
Suppose 2 = -0*d - 2*d. What is the tens digit of (8/16)/(d/(-34))?
1
Let w(u) be the first derivative of 2*u**3/3 - u**2 + 10*u + 9. What is the units digit of w(-5)?
0
Let s(a) = -2*a + 2. Let y be s(0). Let q(f) = 31*f + 4. What is the units digit of q(y)?
6
Let c = 714 + -501. Let h = c - 87. What is the hundreds digit of h?
1
Let q = -1073 - -1725. What is the tens digit of q?
5
Let m = -116 - -118. Suppose -2*y - m*y + 12 = 0, 3*y = -2*w + 301. What is the tens digit of w?
4
Let r(o) = o**2 - 3*o - 3. Let p be r(-3). What is the units digit of p/((-4)/64*-4)?
0
Let w(q) = -q**2 - 9*q - 15. Let o be w(-6). Suppose -p = o*p - 16. Suppose 5 - 2 = f, -p*h = -f - 33. What is the units digit of h?
9
Let n be (2 - 0)*18/(-4). Let a(w) = -13*w**2 + 29*w + 21. Let x(z) = 3*z**2 - 7*z - 5. Let k(h) = n*x(h) - 2*a(h). What is the units digit of k(4)?
7
Suppose 47 = 4*k - 4*t + 111, -2*k - 30 = -3*t. What is the units digit of ((-42)/k - 7)/(4/(-114))?
3
Let r = -25 - -34. What is the tens digit of -32*(-21)/r + (-2)/3?
7
Let s = -12 + 15. Let t be (0 - 80/(-12))*s. Suppose 5*h = 3*h + t. What is the units digit of h?
0
What is the tens digit of (1998/7)/(136/952)?
9
Suppose 4*d - 4*a = -2*a + 902, -3*d = -a - 678. What is the hundreds digit of d?
2
Suppose 2*q - 7*q = 405. Let v = q + 239. What is the tens digit of v?
5
Let t be (-6)/8 - 38/(-8). Let s be 9/t + 9/(-36). Suppose -32 = -3*o + 3*b + 61, -b - 58 = -s*o. What is the units digit of o?
7
Suppose 0 = 3*y + 5*v + 9, 2*v + 4 = -2*y + 2. Suppose -7 = -y*k + 3*k. Let g = k + 16. What is the units digit of g?
9
Suppose 3*y = -w + 1767, 3*w - 157 = -2*y + 1021. What is the hundreds digit of y?
5
Let t(a) = a**3 + 5*a**2 - 11*a - 8. Let f be t(-5). Suppose f*p - 49*p = -258. What is the tens digit of p?
2
Let m = 71 - 115. Let s = 162 - m. What is the hundreds digit of s?
2
Let o(d) = -172*d + 373. What is the tens digit of o(-6)?
0
Suppose 0 = -10*o + 8*o + 6. Let h(s) = 2*s**2. Let l be h(-1). Suppose -z + 27 = z - u, 5*u + o = -l*z. What is the units digit of z?
1
Suppose 152*z = 145*z + 581. What is the units digit of z?
3
Suppose -13*y + 38640 = y. What is the units digit of y?
0
What is the hundreds digit of 0 - -1608 - (-215)/43?
6
Let b(w) = 16*w**2 - 2*w + 2381. What is the hundreds digit of b(0)?
3
Let c = 227 - -369. What is the tens digit of (c/10)/2 + 24/(-30)?
2
Let k(l) = l**3 - 2*l**2 - 13*l - 5. What is the tens digit of k(6)?
6
Suppose -o + 186 = k, 5*k - 495 = 4*o + 417. What is the units digit of k?
4
Let s = 6 - -4. Let c be (2 + -2)*(-1)/2. Suppose c = -4*k + s - 2. What is the units digit of k?
2
Let r(i) = i**3 + 10*i**2 - 6*i - 13. Let z(l) = l**2 + 8*l - 3. Let u be z(-7). What is the units digit of r(u)?
7
Let m(o) = 2*o**2 + 4*o + 3. Let t be m(-2). Let x(p) = -8*p**3 - 2 + 3*p - 1 - p**2 + 9*p**3. What is the tens digit of x(t)?
2
Suppose 7*b + 765 = 3572. What is the hundreds digit of b?
4
Let i(o) = -o**2 - 8*o - 3. Let k be i(-7). Suppose 0 = 4*b - k*l - 92, 0 = 2*b - 6*l + 2*l - 50. What is the units digit of b?
1
Let m(j) = -9*j + 6 + 0 - 31*j - 16. What is the tens digit of m(-2)?
7
What is the tens digit of 8 + -3 + -4 - -2004?
0
Let t(z) = 84*z**2 + 9*z + 19. What is the hundreds digit of t(-4)?
3
Suppose 24 = 3*k + 3*l, -4*k - 42 = -9*k - 4*l. Suppose -840 = -10*c + k. What is the units digit of c?
5
Suppose 0 = -4*n + 47 + 33. Let d(m) = -45*m + 1. Let g be d(1). What is the tens digit of -5*(g/n - 3)?
2
Let h(c) = c**2 - 9*c + 16. Let x(b) = -b**2. Let o(f) = h(f) + 2*x(f). What is the tens digit of o(-6)?
3
What is the thousands digit of 12087/(-6)*(-18)/27?
1
Suppose -1225 + 259 = 7*u. Let p = 261 + u. What is the units digit of p?
3
Let m(p) = p**3 + 5*p**2 + 3*p + 1. Let j(z) = 2*z**3 + 5*z**2 + 4*z. Let k(f) = 2*j(f) - 3*m(f). Suppose 54 = 10*d - d. What is the tens digit of k(d)?
2
Let i(v) be the second derivative of -25*v**3/6 + 5*v**2 + 3*v. What is the tens digit of i(-3)?
8
Suppose -2*c - 116 = -6*c. Let j = -1 + -7. Let w = c + j. What is the tens digit of w?
2
Suppose 371*g - 1158 = 365*g. What is the units digit of g?
3
Suppose u + 1 = -5*z + 39, -4*z = 4*u - 72. Let h = 11 - u. What is the tens digit of 370/6 + h/3?
6
Let r = -34 - 14. Let f be 1/3*r/8. What is the units digit of (f/1)/(4/(-50))?
5
Let n(p) = 2*p + 67. Let i(s) = -3*s - 66. Let w(f) = 4*i(f) + 5*n(f). What is the tens digit of w(-6)?
8
Let k be (16/(-12))/(3/(-9)). Let p(f) = 7*f**2 + 2*f - 7. What is the units digit of p(k)?
3
Suppose 2*w + 2475 = 5*g, 10*w + 979 = 2*g + 7*w. What is the tens digit of g?
9
Let s = 297 + -239. Suppose 4*i + 108 = -0*i. Let j = i + s. What is the units digit of j?
1
Let s(q) = q**3 + 6*q**2 + 6*q - 2. Let f be s(-4). Suppose -2*i + 4 = -f, -5*t + 2*i = -100. What is the tens digit of t?
2
Suppose -442 - 131 = -3*v. What is the units digit of v?
1
Suppose 3*k + f = 525, -4*k + 3*f + 286 = -427. What is the tens digit of k?
7
Let h(j) = 22*j**2 + 13*j - 319. What is the units digit of h(12)?
5
Let u(i) = 4*i**2 - 14*i + 30. What is the units digit of u(10)?
0
Let n(k) = -3*k**2 - 13*k - 6. Let o be n(-6). What is the units digit of (-4 - 330/o) + (-1)/6?
5
Let f = -782 + 2049. What is the tens digit of f?
6
Let g = -63 - -38. Let u be ((-66)/(-5))/(6/(-20)). Let s = g - u. What is the tens digit of s?
1
Let w(t) = -10*t**3 - 5*t**2 - 15*t - 27. What is the units digit of w(-5)?
3
Suppose -15 = 5*l, -6*k + 20 = -5*k - 5*l. What is the units digit of k?
5
Let d(g) = 6*g + 302. What is the units digit of d(0)?
2
Suppose 8 + 4 = 3*f - 4*x, -12 = -3*f - 5*x. Suppose -2*v = -4*t + 134, -13 - 3 = -f*t. Let u = 97 + v. What is the tens digit of u?
3
Suppose 2*h + 2426 = 2*k + 7*h, -3621 = -3*k - 3*h. What is the thousands digit of k?
1
Let c(m) = 19*m**2 + 0 - m**3 + 2 - 4*m**2 + 20*m - 5. What is the tens digit of c(16)?
6
Let j(x) = -3*x**2 + 134*x - 55. What is the hundreds digit of j(30)?
2
Suppose 29*q - 21*q = 2696. What is the hundreds digit of q?
3
Let w = 23 + -19. Suppose -w*c + k + k = -200, -2*c + 100 = 3*k. What is the units digit of c?
0
What is the tens digit of -2 + (-9)/(-4) - 43245/(-124)?
4
Let o = 21 + 701. What is the units digit of o?
2
Let s be (-8)/1 + (-27)/(-9). What is the units digit of 9812/110 + 1/s?
9
Let q(x) = x**2. Let d(c) = -c**3 - 10*c**2 + c - 7. Let y(u) = -d(u) - 4*q(u). Let h be y(-6). Let i(m) = m**2 - 10*m - 9. What is the tens digit of i(h)?
3
Suppose -184*q - x + 4959 = -183*q, 0 = 4*q - x - 19851. What is the tens digit of q?
6
Suppose 5*b - 1453 = 707. What is the hundreds digit of b?
4
Suppose 15 = -6*d + d. Let u be (3 - 4)/(d/66). Suppose -v + u = 2*g, g + 24 = -2*v + 4*v. What is the units digit of v?
4
Suppose 2*v = -n + 4*n - 9, 2*v = -3*n - 27. Let z(g) = -8*g + 4. What is the units digit of z(v)?
6
Let p(x) = 19*x**3 + 2*x**2 + x. Let u be p(-1). Let k = u - -8. What is the units digit of (0 - k)*3/2?
5
Suppose -7585 + 2635 = -33*y. What is the hundreds digit of y?
1
Suppose -4*n - 5*v + 23 = 0, -4*n - 2*v + 4 + 10 = 0. Suppose 0 = n*o - 11 + 5, 597 = 5*c - o. What is the tens digit of c?
2
Let l = -311 - -192. Let o = l + 368. What is the units digit of o?
9
Suppose 0*t = 7*t - 21. What is the units digit of t/(-15) - 1*(-3124)/20?
6
Let v be (-10)/(-20) - (-2)/(-4). Let w(k) = k + 12. Let b be w(v). Let r = b + -5. What is the units digit of r?
7
Let i = -227 + 770. What is the hundreds digit of i?
5
Let k(s) = 2*s**2 - 4*s - 1. Let u be k(3). Suppose -u*c + 25 = 2*x, -c = 3*x - 5*x - 17. What is the units digit of c?
7
Let m(s) = -38*s + 1695. What is the thousands digit of m(0)?
1
Suppose -2*s - 9*s + 33 = 0. Suppose -s*n + 276 = l + 4*l, n + 5*l = 102. What is the te